at is -240056632 - 24?
-240056656
In base 6, what is -14 + -5435553?
-5440011
In base 12, what is aa41 + 1236?
10077
In base 10, what is -57983 + 21914?
-36069
In base 4, what is 0 - -12021002310?
12021002310
In base 6, what is -55 - 2314142?
-2314241
In base 4, what is 2 - -11111220301313?
11111220301321
In base 15, what is -7 + 49318?
49311
In base 12, what is -3894a - 839?
-39587
In base 12, what is 1b + 224517?
224536
In base 6, what is -32135521 + -2003?
-32141524
In base 4, what is -3 + -1113300211?
-1113300220
In base 16, what is -3 + -369c5c?
-369c5f
In base 12, what is -8330 - 955?
-9085
In base 11, what is 26a + -237a?
-2110
In base 4, what is 1 + 133021231001?
133021231002
In base 6, what is 50144 + 141131?
231315
In base 9, what is 18773 + -71?
18702
In base 7, what is -3655345 + 4?
-3655341
In base 5, what is 32323444 - 3030?
32320414
In base 3, what is -21200220222 + 10122?
-21200210100
In base 15, what is -7a33b89 + -1?
-7a33b8a
In base 9, what is -30787 - -543?
-30244
In base 2, what is -1001000010011000010110 - 10?
-1001000010011000011000
In base 4, what is 123 + -2220302331?
-2220302202
In base 16, what is -8e0 - 20b?
-aeb
In base 11, what is -270612 + 38?
-270585
In base 4, what is 3333332101201 + 3?
3333332101210
In base 12, what is -1 + 2539859?
2539858
In base 16, what is -26dc9ee + 3?
-26dc9eb
In base 12, what is 5 + 86668?
86671
In base 14, what is 2001 + 22b?
222c
In base 5, what is 131103234 - -1230?
131110014
In base 8, what is 5154655 - -1?
5154656
In base 10, what is 1 - -55202870?
55202871
In base 10, what is -15 - 6502023?
-6502038
In base 7, what is -255131133 - -13?
-255131120
In base 4, what is 32311101220 + 1?
32311101221
In base 6, what is -2104 + -250352?
-252500
In base 11, what is -4 - -465830?
465827
In base 16, what is 2461d + -3b?
245e2
In base 10, what is 30577 + -455?
30122
In base 3, what is -220001212210 + -1102202?
-220010022112
In base 12, what is 4 + 1b21861?
1b21865
In base 13, what is -40a56a3 + -5?
-40a56a8
In base 8, what is -141 + -1241732?
-1242073
In base 11, what is 5509 + -6241?
-833
In base 15, what is 1125 + -3116?
-1ee1
In base 10, what is -3 - 28375187?
-28375190
In base 8, what is -632 + 567675?
567043
In base 8, what is 14450145 - 4?
14450141
In base 6, what is -1403415 - -32?
-1403343
In base 11, what is 19a + 690a?
6aa9
In base 5, what is 24422 + 13034?
43011
In base 2, what is -11 - -10010100100111010001010100?
10010100100111010001010001
In base 4, what is -11 + -2011100020?
-2011100031
In base 6, what is 0 + 10310024?
10310024
In base 14, what is 6567d0ad - 1?
6567d0ac
In base 11, what is 5212821 - -23?
5212844
In base 4, what is 130120 - -31002?
221122
In base 9, what is -38 + 1538748?
1538710
In base 16, what is a9 - -41803?
418ac
In base 9, what is 100183612 - 16?
100183585
In base 9, what is -216818 + 34?
-216774
In base 5, what is -131342314212 - 2?
-131342314214
In base 16, what is 148be1 - -14?
148bf5
In base 3, what is -10010 - 2210102210110?
-2210102220120
In base 2, what is -100101 + -10100110111110100000?
-10100110111111000101
In base 10, what is -19194 + -13122?
-32316
In base 2, what is 101 + -101100111011011000?
-101100111011010011
In base 11, what is 326200070 + -5?
326200066
In base 4, what is -11210 + 111302230?
111231020
In base 12, what is -20619 + -bb?
-20718
In base 11, what is 6537259 - -4?
6537262
In base 15, what is -1b833a + -3?
-1b833d
In base 7, what is 10403 - 2023?
5350
In base 13, what is -52c05 - -ba4?
-52031
In base 10, what is -40 - -147928?
147888
In base 14, what is 4889092 - 3?
488908d
In base 11, what is 5934 - 25612?
-1a789
In base 5, what is 222302303 - 240?
222302013
In base 12, what is 49319955 - -3?
49319958
In base 4, what is -2130022103232 + -10?
-2130022103302
In base 5, what is 111 - -11212132112?
11212132223
In base 9, what is -1 - 5545268?
-5545270
In base 10, what is 0 - -717596?
717596
In base 10, what is 171041 - -6260?
177301
In base 7, what is 2 + 2336312360?
2336312362
In base 15, what is -12 - -663349b?
6633489
In base 14, what is 1a22 - -286ba?
2a2dc
In base 6, what is -523 - -11152300?
11151333
In base 8, what is 715247 - 21?
715226
In base 15, what is -b - 44b56?
-44b62
In base 14, what is -13 + -26aa080?
-26aa093
In base 11, what is -5 - -1989656?
1989651
In base 12, what is 8 + -628282?
-628276
In base 15, what is 4a05 - 1839?
31bb
In base 14, what is 8313 - -b29?
903c
In base 9, what is -4 + -120131723?
-120131727
In base 5, what is -34324433034 + 1?
-34324433033
In base 14, what is d10b70b + 4?
d10b711
In base 15, what is 24eb + 51cb?
76c7
In base 14, what is 1 + 253bd60?
253bd61
In base 12, what is -6440aa1 + 1?
-6440aa0
In base 11, what is 69 - -9587?
9645
In base 4, what is 112221030130 - 13?
112221030111
In base 9, what is 47560 - -31?
47601
In base 15, what is 15d3 - -7c0?
1da3
In base 2, what is -111000110010010 - -1001000110?
-110111101001100
In base 13, what is -c0b26 - 7?
-c0b30
In base 16, what is -14f954e + 4?
-14f954a
In base 13, what is 8 - 1c4bb761?
-1c4bb756
In base 14, what is -472a3 - -17a3?
-45900
In base 6, what is 3052 - 2125134?
-2122042
In base 13, what is -1834 + 7757?
5c23
In base 14, what is 3 + -c68682?
-c6867d
In base 13, what is -10b8 - 2029?
-3114
In base 13, what is 1 + 32260b0?
32260b1
In base 4, what is 11222102 - 22?
11222020
In base 6, what is 21443 + -21145?
254
In base 8, what is -6311137 + -110?
-6311247
In base 11, what is 2 + a925a456?
a925a458
In base 11, what is -14 + 8a8679?
8a8665
In base 5, what is -3 + -132142312?
-132142320
In base 11, what is -3757322 - -1?
-3757321
In base 8, what is -5 - -56566511?
56566504
In base 16, what is 319 + -a6d6?
-a3bd
In base 12, what is 19b8 - 23348?
-21550
In base 3, what is -1200201122 + 102201?
-1200021221
In base 14, what is -21975 - 2d5?
-21c6a
In base 6, what is 3145400 + 34?
3145434
In base 16, what is 2a5d - -399?
2df6
In base 2, what is 10000101101111011 + -1101101011001?
1111000000100010
In base 5, what is -1344 - -242424?
241030
In base 12, what is 25 - 1aa90b6?
-1aa9091
In base 16, what is -a2af - -18fb?
-89b4
In base 7, what is -163 + -42266?
-42462
In base 12, what is 931 + -11591?
-10860
In base 5, what is 102140231 - 21?
102140210
In base 10, what is -1 - 2880071?
-2880072
In base 7, what is 314120 - 1045?
313042
In base 8, what is 1 - 12603025?
-12603024
In base 8, what is -245726 - -421?
-245305
In base 14, what is -37ad02 + 39?
-37aca7
In base 10, what is 9224 + -479?
8745
In base 7, what is 56101 - -1360?
60461
In base 7, what is -12642042 + 20?
-12642022
In base 16, what is 53a1e + f?
53a2d
In base 11, what is 5 - -a596a37?
a596a41
In base 6, what is -5 - -21232202?
21232153
In base 8, what is -2322 - 232710?
-235232
In base 6, what is -3 - 33243140?
-33243143
In base 16, what is 36e + 1904?
1c72
In base 5, what is 42331142 - -10?
42331202
In base 12, what is 66 - 212b8?
-21252
In base 14, what is -1c1c + 139ca?
11bac
In base 11, what is 9 + -248089?
-248080
In base 6, what is -331234401 + -53?
-331234454
In base 11, what is -1148300 + 31?
-114827a
In base 2, what is 10111100011100110100110101 + -1000?
10111100011100110100101101
In base 6, what is 2143442 - -2?
2143444
In base 8, what is -62254713 - 3?
-62254716
In base 10, what is 159394 - 0?
159394
In base 8, what is 16 - 62072?
-62054
In base 13, what is -70233 + a5c?
-6c4a4
In base 11, what is -14 - 34512?
-34526
In base 13, what is 5bb43 - -3a?
5bb80
In base 15, what is -633a0a - 40?
-633a4a
In base 9, what is -161660 + -4038?
-165708
In base 8, what is -666261 - 60?
-666341
In base 3, what is -202111202222100001 + -11?
-202111202222100012
In base 2, what is -10011101011000111 - -110011010?
-10011100100101101
In base 7, what is 65243624 - -146?
65244103
In base 12, what is -4 + 465b630?
465b628
In base 2, what is 11011011000011001110101001 - -111?
11011011000011001110110000
In base 6, what is -1302450501 + -2?
-1302450503
In base 3, what is 20 - -2012100012121?
2012100012211
In base 2, what is 11 + -1110000001110000000100101101?
-1110000001110000000100101010
In base 3, what is 11 + 11001120200202212?
11001120200210000
In base 9, what is 6312778 - -28?
6312817
In base 5, what is -100244430 - -30114?
-100214311
In base 13, what is b73439 - -3?
b7343c
In base 5,